{"id":1725,"date":"2025-11-08T18:38:44","date_gmt":"2025-11-08T18:38:44","guid":{"rendered":"https:\/\/marbellaw.eu\/aviso-legal\/"},"modified":"2026-06-22T14:00:20","modified_gmt":"2026-06-22T14:00:20","slug":"aviso-legal-4","status":"publish","type":"page","link":"https:\/\/marbellaw.eu\/pl\/aviso-legal-4\/","title":{"rendered":"Nota prawna"},"content":{"rendered":"<div class=\"wpb-content-wrapper\"><p>[vc_row css=&#8221;.vc_custom_1762627223635{padding-top: 100px !important;padding-right: 100px !important;padding-bottom: 100px !important;padding-left: 100px !important;}&#8221; conditional_render=&#8221;%5B%7B%22value_role%22%3A%22administrator%22%7D%5D&#8221; css_params=&#8221;&#8221;][vc_column][vc_column_text css=&#8221;&#8221; css_params=&#8221;&#8221;]<\/p>\n<p>Zgodnie z obowi\u0105zkiem informacyjnym okre\u015blonym w artykule 10 ustawy 34\/2002 z dnia 11 lipca o <strong>us\u0142ugach spo\u0142ecze\u0144stwa informacyjnego i handlu elektronicznego (LSSI-CE)<\/strong>, u\u017cytkownicy s\u0105 informowani o nast\u0119puj\u0105cych kwestiach:<\/p>\n<p><strong>W\u0142a\u015bciciel strony internetowej:<\/strong> Ferenc Bindics<br \/><strong>CIF:<\/strong> Y7899140B<br \/><strong>Adres:<\/strong> C\/ Urb. Santa Maria Village B14 P5, 29604 Marbella (Hiszpania)<br \/><strong>Telefon kontaktowy:<\/strong> 609 838 005<br \/><strong>E-mail:<\/strong> <a class=\"decorated-link cursor-pointer\" rel=\"noopener\">info@marbellaw.hu<\/a><\/p>\n<p>Dost\u0119p i\/lub korzystanie z tego portalu nadaje status <strong>u\u017cytkownika<\/strong>, kt\u00f3ry poprzez taki dost\u0119p i\/lub korzystanie akceptuje niniejsze warunki u\u017cytkowania.<\/p>\n<h3><strong>1. Cel strony internetowej<\/strong><\/h2>\n<p>Celem niniejszej strony internetowej jest dostarczanie informacji o us\u0142ugach i dzia\u0142alno\u015bci <strong>Ferenca Bindicsa<\/strong>, a tak\u017ce u\u0142atwienie kontaktu z odpowiedzialnym podmiotem za po\u015brednictwem dost\u0119pnych \u015brodk\u00f3w.<\/p>\n<h3><strong>2. W\u0142asno\u015b\u0107 intelektualna i przemys\u0142owa<\/strong><\/h2>\n<p>Wszystkie tre\u015bci strony internetowej (teksty, obrazy, projekty, logotypy, ikony, oprogramowanie itp.) stanowi\u0105 wy\u0142\u0105czn\u0105 w\u0142asno\u015b\u0107 <strong>Ferenca Bindicsa<\/strong> lub os\u00f3b trzecich, kt\u00f3re udzieli\u0142y zezwolenia na ich wykorzystanie. Kopiowanie, rozpowszechnianie, publiczne udost\u0119pnianie lub przekszta\u0142canie, w ca\u0142o\u015bci lub w cz\u0119\u015bci, tych tre\u015bci bez wyra\u017anej zgody w\u0142a\u015bciciela jest zabronione.<\/p>\n<h3><strong>3. Odpowiedzialno\u015b\u0107<\/strong><\/h2>\n<p><strong>Ferenc Bindics<\/strong> nie ponosi odpowiedzialno\u015bci za jakiekolwiek szkody lub straty wynikaj\u0105ce z niew\u0142a\u015bciwego wykorzystania informacji zawartych na stronie internetowej ani z dost\u0119pu do tre\u015bci os\u00f3b trzecich, do kt\u00f3rych mo\u017cna uzyska\u0107 dost\u0119p za po\u015brednictwem link\u00f3w lub hiper\u0142\u0105czy.<br \/>Ponadto nie gwarantuje si\u0119 braku b\u0142\u0119d\u00f3w w dost\u0119pie do strony internetowej lub w jej tre\u015bci, chocia\u017c podj\u0119te zostan\u0105 niezb\u0119dne \u015brodki w celu zapobiegania, korygowania i\/lub aktualizowania takich b\u0142\u0119d\u00f3w, gdy tylko stan\u0105 si\u0119 znane.<\/p>\n<h3><strong>4. Ochrona danych osobowych<\/strong><\/h2>\n<p>Przetwarzanie danych osobowych u\u017cytkownika podlega postanowieniom <strong>Polityki Prywatno\u015bci<\/strong>, dost\u0119pnej na tej samej stronie internetowej.<\/p>\n<h3><strong>5. Obowi\u0105zuj\u0105ce prawo i jurysdykcja<\/strong><\/h2>\n<p>Relacja mi\u0119dzy <strong>Ferencem Bindicsem<\/strong> a u\u017cytkownikiem podlega obowi\u0105zuj\u0105cemu prawodawstwu hiszpa\u0144skiemu, a wszelkie spory b\u0119d\u0105 rozstrzygane przez <strong>S\u0105dy i Trybuna\u0142y miasta Marbella<\/strong>, chyba \u017ce obowi\u0105zuj\u0105ce przepisy stanowi\u0105 inaczej.<\/p>\n<p>[\/vc_column_text][\/vc_column][\/vc_row]<\/p>\n<\/div>","protected":false},"excerpt":{"rendered":"<p>[vc_row css=&#8221;.vc_custom_1762627223635{padding-top: 100px !important;padding-right: 100px !important;padding-bottom: 100px !important;padding-left: 100px !important;}&#8221; conditional_render=&#8221;%5B%7B%22value_role%22%3A%22administrator%22%7D%5D&#8221; css_params=&#8221;&#8221;][vc_column][vc_column_text css=&#8221;&#8221; css_params=&#8221;&#8221;] Zgodnie z obowi\u0105zkiem informacyjnym okre\u015blonym w artykule 10 ustawy 34\/2002 z dnia 11 lipca o us\u0142ugach spo\u0142ecze\u0144stwa informacyjnego i handlu elektronicznego (LSSI-CE), u\u017cytkownicy s\u0105 informowani o nast\u0119puj\u0105cych kwestiach: W\u0142a\u015bciciel strony internetowej: Ferenc BindicsCIF: Y7899140BAdres: C\/ Urb. Santa Maria Village B14 P5, [&hellip;]<\/p>\n","protected":false},"author":2,"featured_media":0,"parent":0,"menu_order":0,"comment_status":"closed","ping_status":"closed","template":"","meta":{"_acf_changed":false,"content-type":"","footnotes":""},"class_list":["post-1725","page","type-page","status-publish","hentry"],"acf":[],"_links":{"self":[{"href":"https:\/\/marbellaw.eu\/pl\/wp-json\/wp\/v2\/pages\/1725","targetHints":{"allow":["GET"]}}],"collection":[{"href":"https:\/\/marbellaw.eu\/pl\/wp-json\/wp\/v2\/pages"}],"about":[{"href":"https:\/\/marbellaw.eu\/pl\/wp-json\/wp\/v2\/types\/page"}],"author":[{"embeddable":true,"href":"https:\/\/marbellaw.eu\/pl\/wp-json\/wp\/v2\/users\/2"}],"replies":[{"embeddable":true,"href":"https:\/\/marbellaw.eu\/pl\/wp-json\/wp\/v2\/comments?post=1725"}],"version-history":[{"count":3,"href":"https:\/\/marbellaw.eu\/pl\/wp-json\/wp\/v2\/pages\/1725\/revisions"}],"predecessor-version":[{"id":2014,"href":"https:\/\/marbellaw.eu\/pl\/wp-json\/wp\/v2\/pages\/1725\/revisions\/2014"}],"wp:attachment":[{"href":"https:\/\/marbellaw.eu\/pl\/wp-json\/wp\/v2\/media?parent=1725"}],"curies":[{"name":"wp","href":"https:\/\/api.w.org\/{rel}","templated":true}]}}

<div class="wpb-content-wrapper"><p>[vc_row css=&#8221;.vc_custom_1762627223635{padding-top: 100px !important;padding-right: 100px !important;padding-bottom: 100px !important;padding-left: 100px !important;}&#8221; conditional_render=&#8221;%5B%7B%22value_role%22%3A%22administrator%22%7D%5D&#8221; css_params=&#8221;&#8221;][vc_column][vc_column_text css=&#8221;&#8221; css_params=&#8221;&#8221;]</p>
<p>Zgodnie z obowiązkiem informacyjnym określonym w artykule 10 ustawy 34/2002 z dnia 11 lipca o <strong>usługach społeczeństwa informacyjnego i handlu elektronicznego (LSSI-CE)</strong>, użytkownicy są informowani o następujących kwestiach:</p>
<p><strong>Właściciel strony internetowej:</strong> Ferenc Bindics<br /><strong>CIF:</strong> Y7899140B<br /><strong>Adres:</strong> C/ Urb. Santa Maria Village B14 P5, 29604 Marbella (Hiszpania)<br /><strong>Telefon kontaktowy:</strong> 609 838 005<br /><strong>E-mail:</strong> <a class="decorated-link cursor-pointer" rel="noopener">info@marbellaw.hu</a></p>
<p>Dostęp i/lub korzystanie z tego portalu nadaje status <strong>użytkownika</strong>, który poprzez taki dostęp i/lub korzystanie akceptuje niniejsze warunki użytkowania.</p>
<h3><strong>1. Cel strony internetowej</strong></h2>
<p>Celem niniejszej strony internetowej jest dostarczanie informacji o usługach i działalności <strong>Ferenca Bindicsa</strong>, a także ułatwienie kontaktu z odpowiedzialnym podmiotem za pośrednictwem dostępnych środków.</p>
<h3><strong>2. Własność intelektualna i przemysłowa</strong></h2>
<p>Wszystkie treści strony internetowej (teksty, obrazy, projekty, logotypy, ikony, oprogramowanie itp.) stanowią wyłączną własność <strong>Ferenca Bindicsa</strong> lub osób trzecich, które udzieliły zezwolenia na ich wykorzystanie. Kopiowanie, rozpowszechnianie, publiczne udostępnianie lub przekształcanie, w całości lub w części, tych treści bez wyraźnej zgody właściciela jest zabronione.</p>
<h3><strong>3. Odpowiedzialność</strong></h2>
<p><strong>Ferenc Bindics</strong> nie ponosi odpowiedzialności za jakiekolwiek szkody lub straty wynikające z niewłaściwego wykorzystania informacji zawartych na stronie internetowej ani z dostępu do treści osób trzecich, do których można uzyskać dostęp za pośrednictwem linków lub hiperłączy.<br />Ponadto nie gwarantuje się braku błędów w dostępie do strony internetowej lub w jej treści, chociaż podjęte zostaną niezbędne środki w celu zapobiegania, korygowania i/lub aktualizowania takich błędów, gdy tylko staną się znane.</p>
<h3><strong>4. Ochrona danych osobowych</strong></h2>
<p>Przetwarzanie danych osobowych użytkownika podlega postanowieniom <strong>Polityki Prywatności</strong>, dostępnej na tej samej stronie internetowej.</p>
<h3><strong>5. Obowiązujące prawo i jurysdykcja</strong></h2>
<p>Relacja między <strong>Ferencem Bindicsem</strong> a użytkownikiem podlega obowiązującemu prawodawstwu hiszpańskiemu, a wszelkie spory będą rozstrzygane przez <strong>Sądy i Trybunały miasta Marbella</strong>, chyba że obowiązujące przepisy stanowią inaczej.</p>
<p>[/vc_column_text][/vc_column][/vc_row]</p>
</div>

<p>[vc_row css=&#8221;.vc_custom_1762627223635{padding-top: 100px !important;padding-right: 100px !important;padding-bottom: 100px !important;padding-left: 100px !important;}&#8221; conditional_render=&#8221;%5B%7B%22value_role%22%3A%22administrator%22%7D%5D&#8221; css_params=&#8221;&#8221;][vc_column][vc_column_text css=&#8221;&#8221; css_params=&#8221;&#8221;] Zgodnie z obowiązkiem informacyjnym określonym w artykule 10 ustawy 34/2002 z dnia 11 lipca o usługach społeczeństwa informacyjnego i handlu elektronicznego (LSSI-CE), użytkownicy są informowani o następujących kwestiach: Właściciel strony internetowej: Ferenc BindicsCIF: Y7899140BAdres: C/ Urb. Santa Maria Village B14 P5, [&hellip;]</p>
